
-74
Let h(o) = -13*o**2 - 49*o + 342. Give h(13).
-2492
Let u(z) = -151*z**2 + 8759*z - 122. Give u(58).
-64
Let u(o) = o**2 + 18788*o + 281558. What is u(-15)?
-37
Let q(p) = p**3 + 159*p**2 - 8197*p - 131. Determine q(41).
-8
Let h(n) = -n**2 - 94*n - 2306. Determine h(-45).
-101
Let p(t) = 1142*t + 108579. Calculate p(-95).
89
Let i(r) = 3650*r - 50994. Calculate i(14).
106
Let v(d) = -1065*d + 16941. Determine v(13).
3096
Let g(q) = -87*q**2 - 127314*q + 79050. Give g(-1464).
-6
Let u(x) = 27179*x - 9186502. Give u(338).
0
Let y(n) = -270*n + 3477. Give y(15).
-573
Let q(o) = 9940*o - 357836. Determine q(36).
4
Let m(u) = -2*u**3 + 158*u**2 - 152*u - 190. What is m(78)?
122
Let b(x) = 3*x**3 - 9*x**2 + 9*x - 18. Give b(-8).
-2202
Let y(h) = h**2 + 4187*h - 3040124. Determine y(631).
34
Let b(u) = -u**2 - 1294*u - 47635. Give b(-38).
93
Let s(i) = -i**2 - 399*i - 35600. Give s(-133).
-222
Let n(c) = c**3 - 151*c**2 - 319*c + 1620. Give n(153).
-369
Let p(f) = -2*f**3 - 63*f**2 + 7165*f - 51. What is p(46)?
1559
Let y(d) = d**2 + 1879*d - 78677. What is y(41)?
43
Let w(x) = 8283*x - 9972740. What is w(1204)?
-8
Let h(k) = -590*k + 6485. What is h(11)?
-5
Let i(v) = 32891*v - 131572. Give i(4).
-8
Let y(k) = 2*k**2 - 12551*k + 50174. What is y(4)?
2
Let j(c) = c**3 - 211*c**2 + 8472*c + 332. What is j(54)?
8
Let g(j) = 3*j**3 - 73*j**2 + 694*j - 2319. Give g(7).
-9
Let n(s) = -23619*s - 70568. Give n(-3).
289
Let c(b) = -2*b**3 - 48*b**2 + 4*b - 1046. Calculate c(-25).
104
Let c(y) = -3398*y - 122220. Determine c(-36).
108
Let j(o) = -4*o**3 - 94*o**2 - 208*o + 36. Calculate j(-21).
-6
Let a(q) = q**3 + 17*q**2 + 100*q - 21. Give a(-12).
-501
Let b(x) = -68*x - 393. What is b(3)?
-597
Let g(x) = -14355*x + 1421145. Calculate g(99).
0
Let m(y) = y**2 + 866*y - 9541. Calculate m(11).
106
Let q(p) = 28301*p + 622890. Give q(-22).
268
Let v(p) = -p**2 - 550*p - 38080. Determine v(-81).
-91
Let f(i) = -i**2 + 1586*i - 48194. What is f(31)?
11
Let z(j) = -j**3 - 314*j**2 - 7745*j + 133. What is z(-27)?
25
Let z(v) = -359821*v - 719606. Give z(-2).
36
Let s(a) = -12*a**3 + 435*a**2 + 17*a - 4498. Determine s(36).
2
Let k(r) = 825*r + 16302. Calculate k(-20).
-198
Let k(x) = -x**3 - 117*x**2 + 39*x - 9527. What is k(-118)?
-205
Let k(z) = 19*z**2 + 13528*z - 123277. Give k(9).
14
Let m(j) = -334*j**3 - 7041*j - 7042. Determine m(-1).
333
Let a(n) = 512*n - 31256. Give a(61).
-24
Let a(t) = -3*t**3 - 130*t**2 + 2342*t + 304. Determine a(-57).
19
Let y(p) = 18336*p - 311709. What is y(17)?
3
Let l(q) = 488075*q - 2440399. Determine l(5).
-24
Let r(z) = -14080*z + 56311. Give r(4).
-9
Let d(m) = -4*m**2 - 698*m - 2086. Calculate d(-3).
-28
Let j(f) = -3661756*f + 7. Give j(0).
7
Let q(w) = -1655*w - 66073. What is q(-40)?
127
Let c(k) = k**2 + 3034*k + 93088. Calculate c(-31).
-5
Let c(y) = -y**2 + 1553*y - 36679. Determine c(24).
17
Let s(u) = -u**3 + 84*u**2 - 687*u + 973. Determine s(75).
73
Let a(c) = c**3 - 46*c**2 + 336*c - 1006. Determine a(38).
210
Let u(s) = -s**3 - 10*s**2 + 326*s + 36. Give u(-24).
276
Let y(v) = -v**3 + 13*v**2 - 13*v - 229. Give y(7).
-26
Let v(o) = 52*o - 2864. Calculate v(55).
-4
Let n(l) = 2*l**3 + 93*l**2 - 714*l - 1338. Give n(-53).
-13
Let j(o) = 12*o**2 + 121*o - 86478. Determine j(80).
2
Let s(y) = -2*y**3 + 493*y**2 + 132924*y + 413. Calculate s(409).
4
Let m(p) = -1424*p + 11528. Calculate m(8).
136
Let t(v) = 26*v**3 + 196*v**2 + 3*v + 74. Determine t(-6).
1496
Let t(c) = 16*c**2 + 181*c + 481. What is t(-7)?
-2
Let u(w) = 121*w**3 + 8106*w**2 - 98*w - 2078. Give u(-67).
-1
Let w(o) = -5*o**2 - 4321*o + 39301. Determine w(9).
7
Let j(p) = 8*p**2 + 573*p + 9276. What is j(-47)?
17
Let x(p) = -5*p**3 + 20*p**2 + 112*p. What is x(7)?
49
Let q(w) = -4*w**2 - 53*w + 809. Give q(4).
533
Let k(t) = -191156*t + 955663. Calculate k(5).
-117
Let l(f) = -20353*f + 468100. Determine l(23).
-19
Let u(w) = w**2 + 14*w - 9217. Give u(92).
535
Let d(t) = -t**3 - 46*t**2 - 171*t - 2644. Calculate d(-45).
3026
Let l(r) = -130716*r - 522916. Determine l(-4).
-52
Let p(i) = -47*i**2 - 6771*i - 106963. Calculate p(-126).
11
Let x(t) = t**2 - 268*t + 15375. Give x(182).
-277
Let b(f) = 7148*f + 6352. Determine b(-1).
-796
Let n(m) = -404*m - 1043. Determine n(-4).
573
Let k(a) = -2*a**2 - 28*a + 71. What is k(-17)?
-31
Let r(f) = 53601*f + 5628111. Determine r(-105).
6
Let a(m) = -m**2 - 59*m + 2863. Determine a(31).
73
Let j(q) = 9*q**3 + 138*q**2 + 19*q + 397. What is j(-16)?
-1443
Let y(i) = i**2 + 1322*i + 60148. Determine y(-47).
223
Let l(c) = 9*c**3 + 5*c**2 + 117*c + 412. Give l(-4).
-552
Let u(g) = -185*g**2 + 24*g + 71. Give u(-2).
-717
Let l(m) = m**3 + 142*m**2 + 3738*m - 233. Determine l(-35).
12
Let t(o) = 8305*o + 70027. Calculate t(-8).
3587
Let w(l) = -5129*l - 41105. Calculate w(-8).
-73
Let h(b) = 2*b**3 + 112*b**2 - 495*b - 8318. Give h(-59).
1
Let s(b) = -b**3 + 80*b**2 - 165*b + 700. Give s(78).
-2
Let k(m) = -m**3 - 85*m**2 + 918*m + 115. Give k(10).
-205
Let r(u) = -521*u**2 + 8326*u + 188. Calculate r(16).
28
Let j(x) = 42*x**2 - 1952*x + 22359. What is j(26)?
-1
Let b(d) = 690*d + 108351. Determine b(-157).
21
Let c(v) = -v**3 - 151*v**2 - 1226*v + 7239. Give c(-142).
-145
Let p(j) = -55547*j + 222390. What is p(4)?
202
Let d(g) = -2*g**3 - 301*g**2 - 213*g - 9441. Give d(-150).
9
Let v(t) = -19974*t - 18096451. Determine v(-906).
-7
Let g(n) = n**3 + 19*n**2 - 1172*n - 71. Give g(-45).
19
Let q(d) = 4214*d**2 + 109553*d - 288. Give q(-26).
-2
Let g(h) = 2*h**2 + 118*h - 1437. What is g(-70)?
103
Let w(j) = 3*j**2 - 1731*j + 248971. What is w(304)?
-5
Let i(a) = -559757*a - 9515864. What is i(-17)?
5
Let f(p) = 106*p + 4183. Calculate f(-37).
261
Let j(v) = 2*v**2 + 610*v + 16002. What is j(-29)?
-6
Let b(w) = -2*w**3 - 537*w**2 + 3008*w - 1640. Calculate b(-274).
4
Let z(n) = -n**3 - 456*n**2 - 118*n - 262769. Calculate z(-457).
6
Let w(l) = -2*l**2 + 654*l - 50776. Calculate w(123).
-592
Let v(p) = -2121805*p - 10609021. Determine v(-5).
4
Let h(n) = n**3 - 88*n**2 - 3107*n + 235. Give h(115).
5
Let l(d) = 1066*d + 14395. What is l(-14)?
-529
Let p(f) = -200*f - 252. Determine p(-1).
-52
Let c(k) = 2*k**3 - 177*k**2 - 188594*k + 56. Give c(-266).
56
Let g(x) = -169*x**2 + 602*x - 1214. What is g(2)?
-686
Let q(d) = -102966*d + 17. Determine q(0).
17
Let q(a) = a**3 - 23*a**2 + 80*a + 386. Calculate q(14).
-258
Let l(a) = 25*a**3 + 400*a**2 + a + 51. Determine l(-16).
35
Let w(u) = u**3 - 255*u**2 + 16235*u + 425. Calculate w(131).
-754
Let v(k) = -812*k**2 - 45470*k - 42. What is v(-56)?
-154
Let u(t) = -1592*t + 162. Give u(0).
162
Let a(f) = -5*f**2 + 1000*f - 30021. Give a(37).
134
Let u(k) = -k**3 - 166*k**2 + 1229*k - 1220. What is u(6)?
-38
Let b(z) = -116*z**3 + 46*z**2 + 97*z + 1. Determine b(-2).
919
Let h(c) = 2*c**3 + 39*c**2 - 644*c - 314. Calculate h(11).
-17
Let o(t) = -272*t**2 - 269*t - 30. What is o(3)?
-3285
Let m(p) = 56*p + 217. What is m(-4)?
-7
Let f(o) = -o**3 - 17*o**2 - 20*o + 78. Determine f(-15).
-72
Let p(k) = -24*k**2 - 823*k + 743. Calculate p(-34).
981
Let h(x) = -3922*x - 1196213. What is h(-305)?
-3
Let p(h) = 2*h**3 + 6*h**2 - 92718*h - 370860. What is p(-4)?
-20
Let o(q) = -3683101*q - 11049330. Give o(-3).
-27
Let i(u) = -23*u**3 + 96*u**2 - 7*u - 12. Give i(4).
24
Let s(b) = 29288*b - 29284. Calculate s(1).
4
Let c(k) = k**3 + 51*k**2 - 75*k + 1205. What is c(-53)?
-438
Let m(h) = -4*h**3 - 39*h**2 + 3192*h + 28976. Determine m(-9).
5
Let l(q) = -26*q**2 - 47540*q - 285155. Determine l(-6).
-851
Let l(n) = 13757*n + 10207686. Give l(-742).
-8
Let i(k) = -3*k**3 - 1534*k**2 + 2580*k + 7700. Determine i(-513).
5
Let c(k) = -17*k**2 - 107*k + 15. Give c(-5).
125
Let f(c) = c**3 - 35*c**2 + 456*c - 2880. Determine f(19).
8
Let l(w) = 343*w**2 - 4731*w - 992. Determine l(14).
2
Let k(x) = 464*x + 211577. Calculate k(-456).
-7
Let r(n) = -n**3 + 27*n**2 - 110*n + 39. What is r(24)?
-873
Let a(p) = 2*p**3 - 150*p**2 - 144*p + 241. Determine a(76).
849
Let i(u) = 162*u**2 - 8181*u - 12634. What is i(52)?
2
Let f(i) = 83946*i - 4365191. Determine f(52).
1
Let o(z) = z**2 + 229*z + 7260. Calculate o(-197).
956
Let y(s) = 3*s**3 - 52*s**2 - 5493*s + 67. What is y(-35)?
-3
Let